base 12
13291
What is 678 (base 13) in base 4?
101121
-1101201 (base 3) to base 9
-1351
What is 43501 (base 6) in base 12?
3591
12495 (base 10) to base 13
58c2
-23c9 (base 13) to base 7
-20525
Convert 395 (base 12) to base 8.
1041
Convert -268 (base 10) to base 6.
-1124
What is -10010102021 (base 3) in base 12?
-2b744
Convert -21001222 (base 3) to base 15.
-17db
Convert 110100011 (base 2) to base 8.
643
-204544 (base 6) to base 3
-211210201
What is -3314 (base 6) in base 3?
-1001101
-12114 (base 5) to base 10
-909
Convert -2760 (base 15) to base 8.
-20337
-29458 (base 12) to base 3
-2221002212
-574 (base 16) to base 6
-10244
Convert -213424 (base 6) to base 13.
-8062
What is 12b0 (base 15) in base 14?
1650
11223 (base 5) to base 3
1010010
Convert -8665 (base 11) to base 13.
-5295
Convert -1347 (base 9) to base 16.
-3f7
Convert 340b (base 14) to base 8.
21503
What is 1355 (base 14) in base 5?
102112
What is 33113 (base 4) in base 8?
1727
What is -589 (base 11) in base 9?
-860
Convert -9743 (base 12) to base 5.
-1012421
What is 5014 (base 9) in base 13?
1885
Convert 325 (base 12) to base 16.
1cd
What is 31110212 (base 4) in base 14?
15c58
Convert -30535 (base 6) to base 13.
-1b29
What is 200202000 (base 3) in base 13?
62ac
What is 320124 (base 5) in base 8?
24650
42c (base 13) to base 3
222110
200033 (base 5) to base 15
1ccd
What is 122313 (base 4) in base 9?
2320
Convert -5030 (base 7) to base 12.
-1008
51 (base 9) to base 15
31
5421 (base 15) to base 13
8149
1f9f (base 16) to base 15
25ea
Convert -1131 (base 9) to base 7.
-2305
What is 26608 (base 13) in base 8?
213236
Convert -1010201 (base 3) to base 10.
-829
Convert -33323 (base 6) to base 10.
-4659
What is 10381 (base 10) in base 12?
6011
-2851 (base 14) to base 16
-1bd7
Convert -1c7 (base 14) to base 3.
-111202
Convert -70a (base 11) to base 3.
-1011202
-22545 (base 7) to base 11
-4372
What is 152251 (base 6) in base 12?
8687
What is 2d73 (base 14) in base 7?
32503
Convert 33034 (base 5) to base 3.
10010001
a1ea (base 16) to base 9
62765
7a0 (base 11) to base 14
4c5
-852 (base 14) to base 5
-23030
15658 (base 14) to base 11
37127
Convert 157 (base 16) to base 9.
421
Convert -83 (base 15) to base 4.
-1323
What is 817b (base 12) in base 11?
a625
What is 2467 (base 11) in base 15?
e49
24304 (base 10) to base 4
11323300
-8a7 (base 13) to base 16
-5d1
1123213 (base 4) to base 2
1011011100111
-4a7 (base 11) to base 9
-737
Convert -130122 (base 4) to base 12.
-1076
Convert -28266 (base 9) to base 2.
-100101011101000
-435021 (base 6) to base 11
-25125
42377 (base 10) to base 3
2011010112
Convert 4cb0 (base 13) to base 7.
43644
-172073 (base 8) to base 13
-225c6
Convert -2c8 (base 14) to base 8.
-1070
-be (base 15) to base 3
-20122
What is 34003 (base 7) in base 4?
2012002
What is 1341 (base 6) in base 15?
184
Convert 3004 (base 5) to base 10.
379
What is 7418 (base 10) in base 6?
54202
-231 (base 7) to base 16
-78
What is 10000000100010000 (base 2) in base 3?
10100021100
Convert -3074 (base 8) to base 2.
-11000111100
Convert 255355 (base 6) to base 11.
16521
Convert 6209 (base 11) to base 10.
8237
-b97 (base 13) to base 11
-1543
a9 (base 14) to base 10
149
What is 1544 (base 6) in base 13?
268
Convert -10100211 (base 3) to base 7.
-10102
What is 230a (base 16) in base 6?
105310
-1086 (base 12) to base 5
-24310
Convert 4256 (base 13) to base 11.
6a01
-14 (base 6) to base 16
-a
-178b (base 15) to base 7
-20546
-1010110010 (base 2) to base 11
-578
-3ced (base 16) to base 8
-36355
Convert 1410 (base 10) to base 5.
21120
2079 (base 10) to base 8
4037
What is 9c33 (base 14) in base 12?
13819
Convert -89b (base 12) to base 7.
-3464
-331414 (base 5) to base 16
-2cdc
141314 (base 5) to base 12
3462
c0e8 (base 15) to base 13
156c2
-3c8 (base 15) to base 9
-1158
-49c (base 13) to base 15
-38a
42c (base 14) to base 11
68a
-4145 (base 10) to base 12
-2495
153260 (base 7) to base 14
acd7
229 (base 12) to base 16
141
Convert -1100011010010 (base 2) to base 10.
-6354
What is -1101100 (base 3) in base 16?
-3f0
Convert 1201102 (base 3) to base 5.
20003
What is -10021120 (base 3) in base 8?
-4527
44 (base 8) to base 11
33
-598 (base 11) to base 7
-2035
Convert -2102122 (base 3) to base 13.
-a64
13497 (base 10) to base 11
a160
What is 1147 (base 9) in base 14?
44d
What is -67448 (base 9) in base 7?
-244502
Convert 1111001001 (base 2) to base 4.
33021
-20122 (base 5) to base 14
-67d
Convert 2330 (base 10) to base 14.
bc6
What is 67 (base 15) in base 9?
117
Convert -101010 (base 3) to base 4.
-10101
Convert -e007 (base 15) to base 14.
-13317
1110001001000 (base 2) to base 8
16110
What is 133022 (base 4) in base 12?
11a2
-1106 (base 12) to base 2
-11101010110
What is -3316 (base 14) in base 9?
-13112
What is d0 (base 14) in base 11?
156
What is -10101011111 (base 2) in base 10?
-1375
1021 (base 4) to base 14
53
What is 2770 (base 9) in base 10?
2088
What is 78 (base 14) in base 16?
6a
1459 (base 11) to base 3
2120121
What is 3887 (base 9) in base 8?
5542
What is 180 (base 14) in base 12?
218
What is 13972 (base 11) in base 9?
30142
What is -74a (base 14) in base 16?
-59e
Convert -210104 (base 5) to base 15.
-20a4
-55136 (base 7) to base 8
-32744
110011110101 (base 2) to base 7
12446
-44a8 (base 11) to base 15
-1b51
Convert -129b (base 13) to base 6.
-20155
Convert -79a (base 11) to base 10.
-956
Convert -110201 (base 6) to base 16.
-23b9
Convert -473 (base 13) to base 11.
-640
-55261 (base 7) to base 15
-4191
-1100452 (base 6) to base 9
-82815
What is -52 (base 8) in base 11?
-39
What is 7458 (base 12) in base 2?
11000111000100
Convert -65125 (base 8) to base 9.
-41305
What is -414 (base 8) in base 4?
-10030
Convert 58a1 (base 12) to base 8.
23271
143 (base 5) to base 12
40
-31202 (base 4) to base 12
-602
Convert 2b7a (base 13) to base 2.
1100011010010
-11001010010 (base 2) to base 9
-2187
Convert 11001100 (base 2) to base 15.
d9
108a (base 13) to base 15
a41
4434 (base 7) to base 2
11000111001
What is -100111 (base 2) in base 7?
-54
Convert c833 (base 13) to base 10.
27758
112122 (base 3) to base 15
1b5
Convert 5948 (base 12) to base 2.
10011100001000
1456 (base 9) to base 16
450
What is 62316 (base 7) in base 10?
15252
Convert -244c8 (base 13) to base 3.
-10101120020
-131440 (base 6) to base 9
-17466
-918 (base 12) to base 5
-20231
Convert 555 (base 16) to base 10.
1365
10011001000 (base 2) to base 3
1200100
What is 23 (base 6) in base 13?
12
What is -10 (base 7) in base 9?
-7
What is -21515 (base 8) in base 4?
-2031031
-218c (base 14) to base 13
-284a
Convert 41342 (base 5) to base 11.
2055
What is 102233 (base 4) in base 5?
14244
Convert -49 (base 15) to base 5.
-234
What is -3102 (base 8) in base 5?
-22402
What is 32313302 (base 4) in base 16?
edf2
What is 164 (base 12) in base 3?
22011
5ed (base 16) to base 5
22032
3523 (base 7) to base 2
10100001011
What is 12012 (base 3) in base 2?
10001100
What is 352523 (base 6) in base 15?
9040
20122 (base 3) to base 13
10a
What is -153042 (base 6) in base 10?
-14930
What is -1314 (base 7) in base 16?
-1f5
What is 80 (base 10) in base 9?
88
What is -1253 (base 8) in base 7?
-1664
What is 4051 (base 9) in base 3?
11001201
What is -2200122021 (base 3) in base 13?
-1b145
Convert -366 (base 13) to base 11.
-498
104020 (base 5) to base 3
11222122
What is 100 (base 8) in base 2?
1000000
What is 13211120 (base 4) in base 13?
111a7
101121 (base 3) to base 6
1154
What is 5242 (base 7) in base 6?
12311
Convert -67b8 (base 13) to base 14.
-540c
18601 (base 10) to base 4
10202221
What is 394a9 (base 12) in base 6?
1403133
-10673 (base 12) to base 16
-54b7
Convert 41 (base 11) to base 5.
140
Convert 1ae7 (base 15) to base 2.
1011011010010
What is -179 (base 15) in base 4?
-11103
What is 423 (base 14) in base 4?
30233
1464 (base 8) to base 5
11240
622 (base 12) to base 13
536
What is 59a (base 11) in base 16?
2ca
Convert 69 (base 15) to base 14.
71
Convert -354 (base 12) to base 10.
-496
Convert -2514 (base 11) to base 8.
-6322
55ca (base 13) to base 14
452c
What is 903 (base 12) in base 11?
a81
Convert 120a (base 15) to base 8.
7373
-1100011110 (base 2) to base 16
-31e
-1861 (base 14) to base 16
-112d
Convert -39d (base 15) to base 16.
-337
What is 2266 (base 10) in base 7?
6415
Wha